{"id":1353,"date":"2017-03-16T17:30:17","date_gmt":"2017-03-16T16:30:17","guid":{"rendered":"http:\/\/grengechternach.lu\/wordpress\/?page_id=1353"},"modified":"2022-11-22T11:03:19","modified_gmt":"2022-11-22T10:03:19","slug":"home","status":"publish","type":"page","link":"http:\/\/grengechternach.lu\/wordpress\/","title":{"rendered":"Home"},"content":{"rendered":"<p>[et_pb_section fb_built=&#8220;1&#8243; admin_label=&#8220;section&#8220; _builder_version=&#8220;3.22&#8243; global_colors_info=&#8220;{}&#8220;][et_pb_row column_structure=&#8220;2_3,1_3&#8243; admin_label=&#8220;row&#8220; _builder_version=&#8220;3.25&#8243; background_size=&#8220;initial&#8220; background_position=&#8220;top_left&#8220; background_repeat=&#8220;repeat&#8220; hover_enabled=&#8220;0&#8243; global_colors_info=&#8220;{}&#8220; sticky_enabled=&#8220;0&#8243;][et_pb_column type=&#8220;2_3&#8243; _builder_version=&#8220;3.25&#8243; custom_padding=&#8220;|||&#8220; global_colors_info=&#8220;{}&#8220; custom_padding__hover=&#8220;|||&#8220;][et_pb_divider color=&#8220;#52ac4c&#8220; disabled_on=&#8220;on|on|off&#8220; _builder_version=&#8220;3.23.4&#8243; height=&#8220;10px&#8220; hide_on_mobile=&#8220;on&#8220; global_colors_info=&#8220;{}&#8220;][\/et_pb_divider][et_pb_slider use_bg_overlay=&#8220;off&#8220; use_text_overlay=&#8220;on&#8220; text_overlay_color=&#8220;rgba(0,0,0,0.6)&#8220; arrows_custom_color=&#8220;rgba(0,0,0,0.4)&#8220; _builder_version=&#8220;4.14.4&#8243; background_image=&#8220;http:\/\/grengechternach.lu\/wordpress\/wp-content\/uploads\/2022\/06\/IMG_7056.jpeg&#8220; custom_button=&#8220;on&#8220; button_bg_color=&#8220;rgba(0,0,0,0.6)&#8220; button_border_width=&#8220;3px&#8220; button_alignment=&#8220;center&#8220; animation_style=&#8220;fade&#8220; auto=&#8220;on&#8220; hover_enabled=&#8220;0&#8243; global_colors_info=&#8220;{}&#8220; sticky_enabled=&#8220;0&#8243;][et_pb_slide heading=&#8220;Den Site vun d\u00e9i gr\u00e9ng Eechternoach ass gepl\u00f6nnert&#8220; button_text=&#8220;Hei klicken&#8220; _builder_version=&#8220;4.14.4&#8243; _module_preset=&#8220;default&#8220; title_text=&#8220;greng-eechternoach&#8220; button_link=&#8220;https:\/\/eechternoach.greng.lu\/&#8220; link_option_url=&#8220;https:\/\/eechternoach.greng.lu\/&#8220; admin_title=&#8220;nei S\u00e4it&#8220; hover_enabled=&#8220;0&#8243; sticky_enabled=&#8220;0&#8243; background_image=&#8220;http:\/\/grengechternach.lu\/wordpress\/wp-content\/uploads\/2022\/11\/greng-eechternoach.jpg&#8220; background_enable_image=&#8220;on&#8220;]<\/p>\n<p style=\"text-align: center;\">http:\/\/eechternoach.greng.lu<\/p>\n<p>[\/et_pb_slide][\/et_pb_slider][et_pb_blog fullwidth=&#8220;off&#8220; posts_number=&#8220;6&#8243; include_categories=&#8220;1,3,14,9,16,4,17,all,current,7,8,37,13&#8243; show_more=&#8220;on&#8220; _builder_version=&#8220;4.14.4&#8243; hover_enabled=&#8220;0&#8243; border_style=&#8220;solid&#8220; use_dropshadow=&#8220;off&#8220; global_colors_info=&#8220;{}&#8220; sticky_enabled=&#8220;0&#8243;][\/et_pb_blog][\/et_pb_column][et_pb_column type=&#8220;1_3&#8243; _builder_version=&#8220;3.25&#8243; custom_padding=&#8220;|||&#8220; global_colors_info=&#8220;{}&#8220; custom_padding__hover=&#8220;|||&#8220;][et_pb_sidebar area=&#8220;sidebar-1&#8243; _builder_version=&#8220;3.0.74&#8243; remove_border=&#8220;off&#8220; global_colors_info=&#8220;{}&#8220;][\/et_pb_sidebar][\/et_pb_column][\/et_pb_row][\/et_pb_section]<\/p>\n","protected":false},"excerpt":{"rendered":"<p>hochzeiten<\/p>\n","protected":false},"author":5,"featured_media":0,"parent":0,"menu_order":0,"comment_status":"closed","ping_status":"closed","template":"","meta":{"_et_pb_use_builder":"on","_et_pb_old_content":"","_et_gb_content_width":""},"yoast_head":"<!-- This site is optimized with the Yoast SEO plugin v19.10 - https:\/\/yoast.com\/wordpress\/plugins\/seo\/ -->\n<title>Home - d\u00e9i gr\u00e9ng Eechternoach<\/title>\n<meta name=\"description\" content=\"Internets\u00e4it vun D\u00e9i Gr\u00e9ng Eechternoach\" \/>\n<meta name=\"robots\" content=\"index, follow, max-snippet:-1, max-image-preview:large, max-video-preview:-1\" \/>\n<link rel=\"canonical\" href=\"http:\/\/grengechternach.lu\/wordpress\/\" \/>\n<meta property=\"og:locale\" content=\"de_DE\" \/>\n<meta property=\"og:type\" content=\"article\" \/>\n<meta property=\"og:title\" content=\"Home - d\u00e9i gr\u00e9ng Eechternoach\" \/>\n<meta property=\"og:description\" content=\"Internets\u00e4it vun D\u00e9i Gr\u00e9ng Eechternoach\" \/>\n<meta property=\"og:url\" content=\"http:\/\/grengechternach.lu\/wordpress\/\" \/>\n<meta property=\"og:site_name\" content=\"d\u00e9i gr\u00e9ng Eechternoach\" \/>\n<meta property=\"article:publisher\" content=\"https:\/\/www.facebook.com\/grengechternach\/\" \/>\n<meta property=\"article:modified_time\" content=\"2022-11-22T10:03:19+00:00\" \/>\n<meta name=\"twitter:card\" content=\"summary_large_image\" \/>\n<meta name=\"twitter:label1\" content=\"Gesch\u00e4tzte Lesezeit\" \/>\n\t<meta name=\"twitter:data1\" content=\"1\u00a0Minute\" \/>\n<script type=\"application\/ld+json\" class=\"yoast-schema-graph\">{\"@context\":\"https:\/\/schema.org\",\"@graph\":[{\"@type\":\"WebPage\",\"@id\":\"http:\/\/grengechternach.lu\/wordpress\/\",\"url\":\"http:\/\/grengechternach.lu\/wordpress\/\",\"name\":\"Home - d\u00e9i gr\u00e9ng Eechternoach\",\"isPartOf\":{\"@id\":\"http:\/\/grengechternach.lu\/wordpress\/#website\"},\"datePublished\":\"2017-03-16T16:30:17+00:00\",\"dateModified\":\"2022-11-22T10:03:19+00:00\",\"description\":\"Internets\u00e4it vun D\u00e9i Gr\u00e9ng Eechternoach\",\"breadcrumb\":{\"@id\":\"http:\/\/grengechternach.lu\/wordpress\/#breadcrumb\"},\"inLanguage\":\"de\",\"potentialAction\":[{\"@type\":\"ReadAction\",\"target\":[\"http:\/\/grengechternach.lu\/wordpress\/\"]}]},{\"@type\":\"BreadcrumbList\",\"@id\":\"http:\/\/grengechternach.lu\/wordpress\/#breadcrumb\",\"itemListElement\":[{\"@type\":\"ListItem\",\"position\":1,\"name\":\"Startseite\",\"item\":\"http:\/\/grengechternach.lu\/wordpress\/\"},{\"@type\":\"ListItem\",\"position\":2,\"name\":\"Home\"}]},{\"@type\":\"WebSite\",\"@id\":\"http:\/\/grengechternach.lu\/wordpress\/#website\",\"url\":\"http:\/\/grengechternach.lu\/wordpress\/\",\"name\":\"d\u00e9i gr\u00e9ng Eechternoach\",\"description\":\"\",\"publisher\":{\"@id\":\"http:\/\/grengechternach.lu\/wordpress\/#organization\"},\"potentialAction\":[{\"@type\":\"SearchAction\",\"target\":{\"@type\":\"EntryPoint\",\"urlTemplate\":\"http:\/\/grengechternach.lu\/wordpress\/?s={search_term_string}\"},\"query-input\":\"required name=search_term_string\"}],\"inLanguage\":\"de\"},{\"@type\":\"Organization\",\"@id\":\"http:\/\/grengechternach.lu\/wordpress\/#organization\",\"name\":\"d\u00e9i gr\u00e9ng Eechternoach\",\"url\":\"http:\/\/grengechternach.lu\/wordpress\/\",\"logo\":{\"@type\":\"ImageObject\",\"inLanguage\":\"de\",\"@id\":\"http:\/\/grengechternach.lu\/wordpress\/#\/schema\/logo\/image\/\",\"url\":\"http:\/\/grengechternach.lu\/wordpress\/wp-content\/uploads\/2017\/03\/greng-echternach-logo.png\",\"contentUrl\":\"http:\/\/grengechternach.lu\/wordpress\/wp-content\/uploads\/2017\/03\/greng-echternach-logo.png\",\"width\":151,\"height\":125,\"caption\":\"d\u00e9i gr\u00e9ng Eechternoach\"},\"image\":{\"@id\":\"http:\/\/grengechternach.lu\/wordpress\/#\/schema\/logo\/image\/\"},\"sameAs\":[\"https:\/\/www.instagram.com\/deigrengeechternoach\/\",\"https:\/\/www.facebook.com\/grengechternach\/\"]}]}<\/script>\n<!-- \/ Yoast SEO plugin. -->","yoast_head_json":{"title":"Home - d\u00e9i gr\u00e9ng Eechternoach","description":"Internets\u00e4it vun D\u00e9i Gr\u00e9ng Eechternoach","robots":{"index":"index","follow":"follow","max-snippet":"max-snippet:-1","max-image-preview":"max-image-preview:large","max-video-preview":"max-video-preview:-1"},"canonical":"http:\/\/grengechternach.lu\/wordpress\/","og_locale":"de_DE","og_type":"article","og_title":"Home - d\u00e9i gr\u00e9ng Eechternoach","og_description":"Internets\u00e4it vun D\u00e9i Gr\u00e9ng Eechternoach","og_url":"http:\/\/grengechternach.lu\/wordpress\/","og_site_name":"d\u00e9i gr\u00e9ng Eechternoach","article_publisher":"https:\/\/www.facebook.com\/grengechternach\/","article_modified_time":"2022-11-22T10:03:19+00:00","twitter_card":"summary_large_image","twitter_misc":{"Gesch\u00e4tzte Lesezeit":"1\u00a0Minute"},"schema":{"@context":"https:\/\/schema.org","@graph":[{"@type":"WebPage","@id":"http:\/\/grengechternach.lu\/wordpress\/","url":"http:\/\/grengechternach.lu\/wordpress\/","name":"Home - d\u00e9i gr\u00e9ng Eechternoach","isPartOf":{"@id":"http:\/\/grengechternach.lu\/wordpress\/#website"},"datePublished":"2017-03-16T16:30:17+00:00","dateModified":"2022-11-22T10:03:19+00:00","description":"Internets\u00e4it vun D\u00e9i Gr\u00e9ng Eechternoach","breadcrumb":{"@id":"http:\/\/grengechternach.lu\/wordpress\/#breadcrumb"},"inLanguage":"de","potentialAction":[{"@type":"ReadAction","target":["http:\/\/grengechternach.lu\/wordpress\/"]}]},{"@type":"BreadcrumbList","@id":"http:\/\/grengechternach.lu\/wordpress\/#breadcrumb","itemListElement":[{"@type":"ListItem","position":1,"name":"Startseite","item":"http:\/\/grengechternach.lu\/wordpress\/"},{"@type":"ListItem","position":2,"name":"Home"}]},{"@type":"WebSite","@id":"http:\/\/grengechternach.lu\/wordpress\/#website","url":"http:\/\/grengechternach.lu\/wordpress\/","name":"d\u00e9i gr\u00e9ng Eechternoach","description":"","publisher":{"@id":"http:\/\/grengechternach.lu\/wordpress\/#organization"},"potentialAction":[{"@type":"SearchAction","target":{"@type":"EntryPoint","urlTemplate":"http:\/\/grengechternach.lu\/wordpress\/?s={search_term_string}"},"query-input":"required name=search_term_string"}],"inLanguage":"de"},{"@type":"Organization","@id":"http:\/\/grengechternach.lu\/wordpress\/#organization","name":"d\u00e9i gr\u00e9ng Eechternoach","url":"http:\/\/grengechternach.lu\/wordpress\/","logo":{"@type":"ImageObject","inLanguage":"de","@id":"http:\/\/grengechternach.lu\/wordpress\/#\/schema\/logo\/image\/","url":"http:\/\/grengechternach.lu\/wordpress\/wp-content\/uploads\/2017\/03\/greng-echternach-logo.png","contentUrl":"http:\/\/grengechternach.lu\/wordpress\/wp-content\/uploads\/2017\/03\/greng-echternach-logo.png","width":151,"height":125,"caption":"d\u00e9i gr\u00e9ng Eechternoach"},"image":{"@id":"http:\/\/grengechternach.lu\/wordpress\/#\/schema\/logo\/image\/"},"sameAs":["https:\/\/www.instagram.com\/deigrengeechternoach\/","https:\/\/www.facebook.com\/grengechternach\/"]}]}},"_links":{"self":[{"href":"http:\/\/grengechternach.lu\/wordpress\/wp-json\/wp\/v2\/pages\/1353"}],"collection":[{"href":"http:\/\/grengechternach.lu\/wordpress\/wp-json\/wp\/v2\/pages"}],"about":[{"href":"http:\/\/grengechternach.lu\/wordpress\/wp-json\/wp\/v2\/types\/page"}],"author":[{"embeddable":true,"href":"http:\/\/grengechternach.lu\/wordpress\/wp-json\/wp\/v2\/users\/5"}],"replies":[{"embeddable":true,"href":"http:\/\/grengechternach.lu\/wordpress\/wp-json\/wp\/v2\/comments?post=1353"}],"version-history":[{"count":101,"href":"http:\/\/grengechternach.lu\/wordpress\/wp-json\/wp\/v2\/pages\/1353\/revisions"}],"predecessor-version":[{"id":2250,"href":"http:\/\/grengechternach.lu\/wordpress\/wp-json\/wp\/v2\/pages\/1353\/revisions\/2250"}],"wp:attachment":[{"href":"http:\/\/grengechternach.lu\/wordpress\/wp-json\/wp\/v2\/media?parent=1353"}],"curies":[{"name":"wp","href":"https:\/\/api.w.org\/{rel}","templated":true}]}}

<p>[et_pb_section fb_built=&#8220;1&#8243; admin_label=&#8220;section&#8220; _builder_version=&#8220;3.22&#8243; global_colors_info=&#8220;{}&#8220;][et_pb_row column_structure=&#8220;2_3,1_3&#8243; admin_label=&#8220;row&#8220; _builder_version=&#8220;3.25&#8243; background_size=&#8220;initial&#8220; background_position=&#8220;top_left&#8220; background_repeat=&#8220;repeat&#8220; hover_enabled=&#8220;0&#8243; global_colors_info=&#8220;{}&#8220; sticky_enabled=&#8220;0&#8243;][et_pb_column type=&#8220;2_3&#8243; _builder_version=&#8220;3.25&#8243; custom_padding=&#8220;|||&#8220; global_colors_info=&#8220;{}&#8220; custom_padding__hover=&#8220;|||&#8220;][et_pb_divider color=&#8220;#52ac4c&#8220; disabled_on=&#8220;on|on|off&#8220; _builder_version=&#8220;3.23.4&#8243; height=&#8220;10px&#8220; hide_on_mobile=&#8220;on&#8220; global_colors_info=&#8220;{}&#8220;][/et_pb_divider][et_pb_slider use_bg_overlay=&#8220;off&#8220; use_text_overlay=&#8220;on&#8220; text_overlay_color=&#8220;rgba(0,0,0,0.6)&#8220; arrows_custom_color=&#8220;rgba(0,0,0,0.4)&#8220; _builder_version=&#8220;4.14.4&#8243; background_image=&#8220;http://grengechternach.lu/wordpress/wp-content/uploads/2022/06/IMG_7056.jpeg&#8220; custom_button=&#8220;on&#8220; button_bg_color=&#8220;rgba(0,0,0,0.6)&#8220; button_border_width=&#8220;3px&#8220; button_alignment=&#8220;center&#8220; animation_style=&#8220;fade&#8220; auto=&#8220;on&#8220; hover_enabled=&#8220;0&#8243; global_colors_info=&#8220;{}&#8220; sticky_enabled=&#8220;0&#8243;][et_pb_slide heading=&#8220;Den Site vun déi gréng Eechternoach ass geplönnert&#8220; button_text=&#8220;Hei klicken&#8220; _builder_version=&#8220;4.14.4&#8243; _module_preset=&#8220;default&#8220; title_text=&#8220;greng-eechternoach&#8220; button_link=&#8220;https://eechternoach.greng.lu/&#8220; link_option_url=&#8220;https://eechternoach.greng.lu/&#8220; admin_title=&#8220;nei Säit&#8220; hover_enabled=&#8220;0&#8243; sticky_enabled=&#8220;0&#8243; background_image=&#8220;http://grengechternach.lu/wordpress/wp-content/uploads/2022/11/greng-eechternoach.jpg&#8220; background_enable_image=&#8220;on&#8220;]</p>
<p style="text-align: center;">http://eechternoach.greng.lu</p>
<p>[/et_pb_slide][/et_pb_slider][et_pb_blog fullwidth=&#8220;off&#8220; posts_number=&#8220;6&#8243; include_categories=&#8220;1,3,14,9,16,4,17,all,current,7,8,37,13&#8243; show_more=&#8220;on&#8220; _builder_version=&#8220;4.14.4&#8243; hover_enabled=&#8220;0&#8243; border_style=&#8220;solid&#8220; use_dropshadow=&#8220;off&#8220; global_colors_info=&#8220;{}&#8220; sticky_enabled=&#8220;0&#8243;][/et_pb_blog][/et_pb_column][et_pb_column type=&#8220;1_3&#8243; _builder_version=&#8220;3.25&#8243; custom_padding=&#8220;|||&#8220; global_colors_info=&#8220;{}&#8220; custom_padding__hover=&#8220;|||&#8220;][et_pb_sidebar area=&#8220;sidebar-1&#8243; _builder_version=&#8220;3.0.74&#8243; remove_border=&#8220;off&#8220; global_colors_info=&#8220;{}&#8220;][/et_pb_sidebar][/et_pb_column][/et_pb_row][/et_pb_section]</p>

<!-- This site is optimized with the Yoast SEO plugin v19.10 - https://yoast.com/wordpress/plugins/seo/ -->
<title>Home - déi gréng Eechternoach</title>
<meta name="description" content="Internetsäit vun Déi Gréng Eechternoach" />
<meta name="robots" content="index, follow, max-snippet:-1, max-image-preview:large, max-video-preview:-1" />
<link rel="canonical" href="http://grengechternach.lu/wordpress/" />
<meta property="og:locale" content="de_DE" />
<meta property="og:type" content="article" />
<meta property="og:title" content="Home - déi gréng Eechternoach" />
<meta property="og:description" content="Internetsäit vun Déi Gréng Eechternoach" />
<meta property="og:url" content="http://grengechternach.lu/wordpress/" />
<meta property="og:site_name" content="déi gréng Eechternoach" />
<meta property="article:publisher" content="https://www.facebook.com/grengechternach/" />
<meta property="article:modified_time" content="2022-11-22T10:03:19+00:00" />
<meta name="twitter:card" content="summary_large_image" />
<meta name="twitter:label1" content="Geschätzte Lesezeit" />
	<meta name="twitter:data1" content="1 Minute" />
<script type="application/ld+json" class="yoast-schema-graph">{"@context":"https://schema.org","@graph":[{"@type":"WebPage","@id":"http://grengechternach.lu/wordpress/","url":"http://grengechternach.lu/wordpress/","name":"Home - déi gréng Eechternoach","isPartOf":{"@id":"http://grengechternach.lu/wordpress/#website"},"datePublished":"2017-03-16T16:30:17+00:00","dateModified":"2022-11-22T10:03:19+00:00","description":"Internetsäit vun Déi Gréng Eechternoach","breadcrumb":{"@id":"http://grengechternach.lu/wordpress/#breadcrumb"},"inLanguage":"de","potentialAction":[{"@type":"ReadAction","target":["http://grengechternach.lu/wordpress/"]}]},{"@type":"BreadcrumbList","@id":"http://grengechternach.lu/wordpress/#breadcrumb","itemListElement":[{"@type":"ListItem","position":1,"name":"Startseite","item":"http://grengechternach.lu/wordpress/"},{"@type":"ListItem","position":2,"name":"Home"}]},{"@type":"WebSite","@id":"http://grengechternach.lu/wordpress/#website","url":"http://grengechternach.lu/wordpress/","name":"déi gréng Eechternoach","description":"","publisher":{"@id":"http://grengechternach.lu/wordpress/#organization"},"potentialAction":[{"@type":"SearchAction","target":{"@type":"EntryPoint","urlTemplate":"http://grengechternach.lu/wordpress/?s={search_term_string}"},"query-input":"required name=search_term_string"}],"inLanguage":"de"},{"@type":"Organization","@id":"http://grengechternach.lu/wordpress/#organization","name":"déi gréng Eechternoach","url":"http://grengechternach.lu/wordpress/","logo":{"@type":"ImageObject","inLanguage":"de","@id":"http://grengechternach.lu/wordpress/#/schema/logo/image/","url":"http://grengechternach.lu/wordpress/wp-content/uploads/2017/03/greng-echternach-logo.png","contentUrl":"http://grengechternach.lu/wordpress/wp-content/uploads/2017/03/greng-echternach-logo.png","width":151,"height":125,"caption":"déi gréng Eechternoach"},"image":{"@id":"http://grengechternach.lu/wordpress/#/schema/logo/image/"},"sameAs":["https://www.instagram.com/deigrengeechternoach/","https://www.facebook.com/grengechternach/"]}]}</script>
<!-- / Yoast SEO plugin. -->

Home - déi gréng Eechternoach

Internetsäit vun Déi Gréng Eechternoach

déi gréng Eechternoach
